(l/(-138))/(1/(-3)). Calculate u(f).
-1
Suppose -66 = -12*w - 21*w. Let d(z) = -134 + 5*z**2 - 13*z - 19*z**w + z**3 + 110. What is d(15)?
6
Let x(n) be the second derivative of -n**5/20 + 5*n**4/12 + 2*n**3/3 + 3*n**2/2 + 412*n. Suppose -17 = -5*z + 3. Let p be (-15)/1*z/(-10). Calculate x(p).
-9
Let z(p) = 3*p - 3*p - 2*p - 2*p. Suppose -15*v - 1342 = -26*v. Let s = 120 - v. Calculate z(s).
8
Let v(q) be the first derivative of -q**6/360 + 11*q**5/120 - q**4/4 - q**3 + 3*q + 6. Let a(t) be the third derivative of v(t). Calculate a(10).
4
Let g(r) = -13*r - 47. Let u(l) = 10*l + 37. Let s(w) = -4*g(w) - 5*u(w). Calculate s(0).
3
Let v = -295 - -289. Let k(y) = 16*y**3 + 19*y**2 + 6*y - 42. Let j(x) = 3*x**3 + 4*x**2 + x - 8. Let g(q) = 11*j(q) - 2*k(q). Give g(v).
2
Let k(f) be the third derivative of f**4/24 + 7*f**3/3 - 9*f**2. Suppose 90 = -22*a + 12*a. Give k(a).
5
Let r = 118 - 115. Suppose r*g = -4*d + d - 21, -5*g + 2*d - 28 = 0. Let p(b) = -b**3 - 5*b**2 + 7*b + 2. What is p(g)?
-4
Let c(i) = -154*i + 765. Let q be c(5). Let r(d) = 14*d + 64. Calculate r(q).
-6
Let b(j) = -11*j + 5. Let r(i) = -5*i + 2. Let k(f) = -2*b(f) + 5*r(f). Suppose 1 = 6*h - 53. Suppose -5*z = 1 + h. Calculate k(z).
6
Suppose 6*q = 3*q - 21. Let n = q + 12. Let l(z) = 19*z - 67*z + 31*z - 1 + 18*z. What is l(n)?
4
Let w(x) = x**2 - x - 121. Suppose -44*p + 4 = -42*p + 24. Give w(p).
-11
Let p(x) be the third derivative of -x**5/30 - 47*x**4/24 - 52*x**3/3 + 948*x**2. What is p(-21)?
1
Let j(g) = 4*g**2 - 70*g - 22. Let t be (-1849)/(-86) + (-3)/2*3. What is j(t)?
-56
Let u(l) = 3*l**2 - 3*l - 41. Let o = -1386 + 1393. Determine u(o).
85
Let v(x) be the first derivative of x**5/10 - 5*x**4/12 + x**3/3 - x**2/2 - 132*x + 42. Let n(u) be the first derivative of v(u). Determine n(3).
14
Let s be (1 + -2)/(-1)*5. Let j(k) = 55*k + 45*k - 145*k - 1 + 4 + 44*k. Give j(s).
-2
Let h(w) = -w**2 - 10*w + 10. Let x(l) = l**2 + 14*l - 10. Let g(n) = 3*h(n) + 2*x(n). Give g(2).
2
Let g(t) = 2*t**2 - 4*t**2 + 6 - 37*t - 30*t - 37 - 3*t**2. Let h be g(-13). Let m(d) = d**3 + 6*d**2 + 5*d + 4. What is m(h)?
4
Suppose 7*i + i + 24 = 0. Let c(n) be the first derivative of -5*n**2 - n - 268. Give c(i).
29
Let x(p) = p**3 + p**2 + p - 1. Let y(o) = -o**3 - 61*o**2 - 61*o - 62. Let m be y(-60). What is x(m)?
-7
Let k = -107 + 109. Suppose o - 4 = 0, 4*o = s - o + 18. Suppose -s + 4 = -k*b - f, -b - f - 3 = 0. Let u(g) = -g**3 - g**2 + g. Calculate u(b).
-1
Suppose -5*a - 174 = -294. Let n(h) = 0*h**3 + a*h - 2 + 4*h**2 - 9*h - 18*h - h**3. Let f(m) = -m**2 + 7*m - 7. Let k be f(5). Give n(k).
-2
Suppose -246 = -31*z - 91. Let y(v) = 4*v**2 + z*v**2 + 14 - v**2 - 14*v + v**3 + 5*v**2. Give y(-14).
14
Let o(q) = q**3 + 5*q**2 - 5*q - 8. Suppose -p + 11*s = 10*s + 3, 2*p + 4*s - 24 = 0. Suppose p*b + 7 = -z, -51 = -3*b - 54. Determine o(z).
17
Let d = -40 + 43. Let a(l) = d*l + 4*l - 11*l + 0 + 2. What is a(5)?
-18
Let c = 1758 + -1751. Let b(m) be the first derivative of -c - 4*m**2 - 1/3*m**3 + 8*m. Calculate b(-9).
-1
Let k(i) = -2*i + 69. Let o(v) = v**3 - 7*v**2 + 22*v - 216. Let g be o(8). Determine k(g).
21
Suppose -194*r + 196*r = 86. Let w(p) = -1 - 78*p + 31*p + p**2 + 0*p**2 + r*p. Give w(4).
-1
Let m(d) = -2124*d**2 - 4 - 5*d + 709*d**2 + 703*d**2 + 693*d**2. What is m(-1)?
-18
Suppose 2*z = -5*a + 7*a + 16, -5*z + 2*a + 31 = 0. Suppose 5*p + 60 = -3*c, -4*p = -3*c + 16 + z. Let g(d) = d**3 + 8*d**2 - 9*d - 12. Give g(p).
-12
Let f(t) = t**2 - t + 13. Let l be (-1)/((-1)/(-484)*-4). Suppose 0 = l*v - 113*v. Calculate f(v).
13
Let j(d) be the second derivative of -5*d**3/6 - d**2/2 - d - 160. Let b(z) = 6*z + 37. Let r be b(-6). What is j(r)?
-6
Let w(c) = 28*c - 13 + 32*c - 44*c. Calculate w(7).
99
Let h(x) = -78*x**2 + 157*x**2 + 14*x - 82*x**2 - 55 + 32*x. What is h(14)?
1
Let a(g) = -3*g + 2. Let f be a(0). Let v(k) = 9*k**f + 14*k**2 - 2 - 38*k**2 + 14*k**2 - k. Give v(0).
-2
Let w(h) be the second derivative of -5/4*h**4 - 2*h**2 + 5/2*h**3 + 0 + 120*h + 1/20*h**5. Calculate w(14).
10
Let r(z) = z**3 + 4*z**2 - z + 11. Suppose y - 24 + 35 = -2*q, -5*y = -5*q - 5. Calculate r(q).
15
Let k(d) = 22*d**2 - 34*d**2 + 14*d + 52 - d**3 + 0*d**3 + 2*d**2 - 7. What is k(-11)?
12
Let w(u) = 13*u**2 - 39*u + 97. Let y(l) = l**3 - l**2 - 11. Let a(m) = -w(m) - y(m). Calculate a(-15).
4
Let d(y) = y - 4. Let l = 25 - 20. Let k = l - 1. Let o be k/10*(5 + -4)*20. Calculate d(o).
4
Let k(l) = -3*l - 18. Let o be k(-6). Suppose 14*n + 50 + 6 = o. Let q(r) = r**2 + 4*r - 2. What is q(n)?
-2
Let o(n) = 353*n - 713. Let u be o(2). Let d(j) = j**2 + 10*j - 9. Let y(g) = -g + 1. Let v(f) = -d(f) - 3*y(f). Determine v(u).
6
Let f(h) = 3*h**3 - 3*h**2 - 4*h + 1. Let u be ((40/(-25))/(-2))/((-8)/(-60)). Let o be (u + 0)/(2 + 0 + 0). Determine f(o).
43
Let a(l) = -l**3 + 15*l**2 - 14*l - 323. Let z be a(10). Let o(y) = 6*y - 210. Calculate o(z).
12
Let r be (4 + -3)/(1/7). Suppose -6*x = -1 + r. Let w(k) be the first derivative of k**3/3 + k**2/2 + 3. What is w(x)?
0
Let x(b) = 2*b - 5*b + 2*b. Let o be (-18)/24 - -2*1077/24. Let w = -93 + o. Determine x(w).
4
Let d(u) = 2*u + 3*u**2 - u**2 + 3*u**2 + 3*u**2 + u**2. Give d(-1).
7
Let b(d) be the first derivative of d**2/2 + 15*d + 499. Suppose -3*i = -w - 3*w + 19, -11 = -4*w - 5*i. Let q be (-2)/4 + w/8. Give b(q).
15
Let n(i) = -i. Let a(g) = -g**2 + 5*g + 1. Let f be a(6). Let t(c) = c. Let m = 1435 - 1442. Let k(y) = f*n(y) + m*t(y). Calculate k(5).
-10
Let k = 184039 + -184052. Let y(x) = -5 - 17*x - x**3 - 6*x**2 - 8*x**2 + 3*x. Give y(k).
8
Suppose 2*t = -8, -5*t = 4*r - 2*r + 56. Let y be 2*1 - r/18. Let s(q) = 5 + 0 - y - 3*q + 2. What is s(3)?
-5
Let o be (7/3 - (4 + -5))*2364/(-985). Let n(i) = -11*i - 60. Calculate n(o).
28
Let m be ((-2)/(-4))/(71/1420). Let q be 27/45 + 24/m. Let g(r) = r**3 - r**2 - r + 3. Determine g(q).
18
Let l be (-220)/35 + -4 + (-90)/(-21). Let n(k) = -3*k + 9. Let d(t) = 4*t - 10. Let u(h) = l*n(h) - 5*d(h). Give u(-6).
8
Let j(x) be the first derivative of 2*x**2 + 14*x + 84. Let q(f) = -2*f - 2. Let a(r) = -j(r) - 4*q(r). Calculate a(3).
6
Let h = 1008 + 280. Let d(k) = 0*k + h - k**3 - 1285 + 2*k**2 - 3*k. Give d(2).
-3
Let d = 35956 + -35964. Let c(r) be the first derivative of r**3/3 + 7*r**2/2 - 8*r - 4. Calculate c(d).
0
Let l(h) be the first derivative of h**7/840 + h**6/40 - 3*h**4/8 - 11*h**3 + 16. Let r(j) be the third derivative of l(j). Calculate r(-9).
-9
Let x(o) = -6*o**2 - 100*o - 60. Let a(d) = 18*d**2 + 294*d + 175. Let h(f) = 4*a(f) + 11*x(f). What is h(-12)?
-8
Let f(o) = 9*o - 33. Suppose 1 = 2*c - 5. Let w(a) = -6*a + 1 + c + 0*a + 5*a. Let v(l) = -4*f(l) - 33*w(l). Give v(-1).
3
Let f(x) = 26*x - 73. Let d(k) = -23*k + 74. Let z(i) = -6*d(i) - 5*f(i). What is z(11)?
9
Let c(j) = 24*j - 12. Let n(s) = -s + 1. Let y(d) = d**2 - 2*d - 2. Let w be y(3). Let g(a) = w*c(a) + 15*n(a). Let q be (4/32)/((-4)/64). Determine g(q).
-15
Let b be -3*5/15*3 + 9. Let q(u) = 1 + u - 7*u - b*u. Calculate q(1).
-11
Let j(x) = -x**2 + 24*x - 115. Let m be j(17). Let d(u) = -3*u**2 + 5*u + 3. Let q(g) = -5*g**2 + 11*g + 6. Let b(f) = m*q(f) - 7*d(f). Determine b(-9).
3
Let d(r) = -r**2 - 26*r - 177. Let c be (-8943)/693 + 13 + (-592)/42. Determine d(c).
-9
Let v = 66 + -25. Suppose 4*q - d - 23 = -0*q, -3*q + v = 4*d. Suppose 0*o + 3*k - q = -o, -o + k - 5 = 0. Let y(c) = c**2 + 2*c + 2. Give y(o).
2
Let u = 1346 - 1351. Let z(r) = 2*r**3 + 10*r**2 - 4*r - 13. Calculate z(u).
7
Let r(o) = o - 1. Let y(p) = -2*p - 8. Let v be y(-6). Let w(b) = -b + 1. Let g(n) = v*r(n) + 5*w(n). Let c = 102 + -101. Calculate g(c).
0
Suppose 2*k + 2 = 8, 95 = 4*y + 5*k. Suppose -y*h - 93 = -373. Let r(m) = m**3 - 14*m**2 - m + 17. Give r(h).
3
Let z(n) be the first derivative of -33 - 1/3*n**3 + 0*n + 3/2*n**2. What is z(2)?
2
Let n(k) = -k**2 - 4. Let h be n(0). Let j(b) = 11*b - 39*b - 2*b**2 + 24*b + b**2. Give j(h).
0
Let n(b) = 2*b**2 + 25*b - 43. Let u(z) = -2*z**2 - 22*z - 34. Let q be u(-10). What is n(q)?
-1
Let m(y) = y**3 - 7*y**2 + 6*y - 38. Let o = -11162 + 11169. Give m(o).
4
Let m be ((-812)/(-70) - 10)*(-75)/(-20). Let i(s) be the third derivative of 1/6*s**3 + 0 - 1/6*s**4 - 14*s**2 - 1/15*s**5 + 0